3*x**2 - 2*x. Suppose -7*t = -11*t + 24. Calculate the remainder when 141 is divided by p(t).
21
Suppose 0 = o + 2*j - 120, -13*j = -12*j + 4. Calculate the remainder when o is divided by 13.
11
Let q = -466 + 470. Calculate the remainder when 13 is divided by q.
1
Let m(v) = -19*v - 20. Let u(g) = -g - 3. Let q be u(-2). What is the remainder when m(-5) is divided by ((-18)/q + 1)*1?
18
Suppose 4*f - 9 = 63. Calculate the remainder when (-346)/(-5) - 1/(10/(-8)) is divided by f.
16
Suppose 5*l - 5 = -50. Let k = -6 - l. Suppose -41 = k*d - 155. What is the remainder when d is divided by 10?
8
Let b(z) = -z**3 + 21*z**2 + 5*z + 22. Calculate the remainder when b(21) is divided by 40.
7
Let g = 960 - 944. Calculate the remainder when 156 is divided by g.
12
Let g(t) = -t - 11. Calculate the remainder when 26 is divided by g(-26).
11
Let s(z) = -z**3 + 37*z**2 - 33*z - 57. What is the remainder when 302 is divided by s(36)?
47
Suppose -26*v - 1278 = -44*v. What is the remainder when v is divided by 23?
2
Let n(f) = -21*f + 24. Calculate the remainder when 132 is divided by n(-1).
42
Let x = -14 + 29. Let r(j) = -j**3 - 5*j**2 - 2*j + 11. Calculate the remainder when x is divided by r(-4).
0
Suppose -2*w = 0, -3*c + w = 2*w + 144. Let u = -29 - c. What is the remainder when 71 is divided by u?
14
Let x(v) = v + 397. What is the remainder when x(53) is divided by 92?
82
Suppose -9*c - 84 = -13*c - w, 0 = -w - 4. What is the remainder when 945 is divided by c?
21
Let i(u) = -u**2 - 21*u + 22. Let m be (-5)/((-100)/(-432)) - (-3)/5. What is the remainder when i(m) is divided by 6?
4
Suppose -3*o = -i - 53, i + 30 - 9 = o. Calculate the remainder when 152 is divided by o.
8
Suppose -z + 0*z = -q - 37, 2*q = -4*z + 154. Let r = 45 - z. Calculate the remainder when 32 is divided by r.
4
Let i = 306 - 248. Calculate the remainder when 519 is divided by i.
55
What is the remainder when (-22 - -18)/(4/(-89)) is divided by 10?
9
Let h be (-4)/5*(-5 + 0). What is the remainder when 10 - (8 + -1)/(34/(-34)) is divided by (18/h)/((-6)/(-8))?
5
Let z = 88 + -80. Suppose 62 = -z*f + 334. Calculate the remainder when 134 is divided by f.
32
Suppose 4*y + h = 539, 44 = 3*y - 2*h - 374. What is the remainder when y is divided by 105?
31
Suppose -268 = -13*v + 9*v. Let q = v + 2. What is the remainder when q is divided by 18?
15
Suppose -2 = 3*g - 8. Suppose -35 = -3*q - b + g*b, -4*q + 3*b + 45 = 0. Suppose -47 = -4*n + 85. What is the remainder when n is divided by q?
9
Let m be 2/16*26 - 1/4. What is the remainder when ((-87)/(-9) + m)/(6/27) is divided by (-2)/(64/(-30) - -2)?
12
Calculate the remainder when 81 is divided by 6/(-10) + (-7623)/(-105).
9
Suppose -2*b + 12 + 2 = 0. Suppose y = 2*x + 48, -2*y - x + 124 = 2*x. Let u = -47 + y. What is the remainder when u is divided by b?
2
Suppose -5*t - 4*c = -841 + 96, -2*t - 2*c = -298. Calculate the remainder when t is divided by 55.
39
Let r(q) be the third derivative of -q**4/24 + q**3 - 3*q**2. What is the remainder when r(2) is divided by 1?
0
Let o(l) = -l**2 + 12*l + 33. Let d be o(14). Suppose -d*c = -4*w + 90, -5*c + 40 = 2*w - 10*c. What is the remainder when 99 is divided by w?
24
Suppose 4*n + 3 = -5, 0 = -2*a + 2*n + 30. Suppose 0 = s - 34 + a. Calculate the remainder when 82 is divided by s.
19
Let s = 232 - 204. Suppose -3*b - 21 - 45 = -5*o, o - 8 = -2*b. Let k = 29 - o. Calculate the remainder when s is divided by k.
11
Let a = -36 - -54. Let k(r) = -r**3 + 6*r**2 + 8*r + 3. Suppose 34 = 3*u + 3*l + 4, 3*u - 2*l - 10 = 0. Calculate the remainder when k(u) is divided by a.
15
Let j(f) = 2*f**3 + 4*f**2 - 1. Let d be j(-3). Let h = 7 - d. Calculate the remainder when h is divided by 10.
6
What is the remainder when 23 is divided by (-48)/(-30)*20/8?
3
Suppose -3*l = y - 1, -4*l + y = 3*y. Let i(s) = 38*s. Let j = 790 + -780. Calculate the remainder when i(l) is divided by j.
8
Suppose -11*w + 8*w + 52 = -2*m, w - 4*m - 14 = 0. What is the remainder when 97 is divided by w?
7
What is the remainder when 84 is divided by (-95)/(-30)*15 + (-2)/(-4)?
36
Let s = 85 + -49. Suppose 0*q + 38 = 2*q + 2*l, 0 = -2*q + 2*l + 38. Calculate the remainder when s is divided by q.
17
Let k be (-1 + 7)/((-24)/(-32)). Let o = -54 + 85. Calculate the remainder when o is divided by (-12)/k*34/(-3).
14
Let i(y) = -5*y - 19. Let m(o) = 4*o + 18. Let x(k) = -2*i(k) - 3*m(k). What is the remainder when 9 is divided by x(-9)?
1
Let p(x) = -4*x + 17. Suppose 1272 = 9*z + 102. Calculate the remainder when z is divided by p(-4).
31
Let p = -15 - -28. Suppose -7*j + 160 = p. Calculate the remainder when j is divided by 11.
10
Suppose 1342*o - 112 = 1335*o. Calculate the remainder when 199 is divided by o.
7
Let c be 80/4 - 1/(3/12). What is the remainder when 69 is divided by (-9)/(108/c)*-24 - -3?
34
Suppose -c + 12 = -1. Calculate the remainder when 425 is divided by c.
9
What is the remainder when 349 is divided by 193/6 + 125/(-30) + 4?
29
Suppose z = 5*f - 99 + 7, -f - 4*z = -31. Calculate the remainder when 55 is divided by f.
17
Let x(i) = -2*i**2 - 53*i - 262. What is the remainder when 1603 is divided by x(-7)?
8
Let y(c) = -8*c + 9. Let x be y(6). Let b = x + 64. Let r = 242 + -170. What is the remainder when r is divided by b?
22
Let p be (-10)/6 - 1/3. Calculate the remainder when 68/2 - (-1 - p) is divided by (50/60)/(7/42).
3
Let u = -15 + 12. Let s = 1 + u. Let h = 51 - s. What is the remainder when h is divided by 14?
11
What is the remainder when 1625 is divided by (-51)/(-9) - 6 - 34/(-3)?
8
Calculate the remainder when 3 - 924/(-9) - (-6)/(-9) is divided by 40.
25
Suppose 0*y = 5*y, 2*y = -s + 8. Suppose -p = -s*p + 147. Suppose b = 14 + 67. What is the remainder when b is divided by p?
18
Let g = 19 + -16. Let o(d) = 2*d + 10. Let r be o(-8). Let u(z) = z + 12. Calculate the remainder when u(r) is divided by g.
0
Suppose -4*r = 3*v + 9, -3*r - 5*v - 9 = 6. Suppose 2*q - 67 - 15 = r. What is the remainder when q is divided by 11?
8
Suppose -1597 = -4*v - 3*n, -4*v - 6*n + n = -1587. What is the remainder when v is divided by 24?
19
Let w = 0 - 5. What is the remainder when 76 is divided by ((-9)/w)/((-15)/(-225))?
22
Suppose 0 = -5*o - 0*o + 245. Suppose -5*q - k + o = -4*q, 106 = 2*q + 4*k. Calculate the remainder when q is divided by 26.
19
Let h(r) = -r**2 + 3*r + 2. Suppose -2*c = -5*f + 9 - 32, -14 = -2*c + 2*f. What is the remainder when h(2) is divided by c?
0
Suppose -7*i + 2*i = 4*v - 41, 4*v + 2*i - 26 = 0. Let m(c) = 9*c + 22. Let q be m(-3). Calculate the remainder when v is divided by (q/2)/((-20)/16).
0
Suppose -g + 10*g = 3798. What is the remainder when g is divided by 53?
51
Calculate the remainder when (-36 + 6)/(2/(-7)) is divided by 6.
3
Suppose 4*t - 137 - 97 = -n, -t + 61 = -n. What is the remainder when t is divided by 43?
16
Let t be 5/30 - 3*(-165)/(-54). Let p = t - -87. Calculate the remainder when p is divided by 27.
24
Suppose 0 = -3*y + 5*q - 137, -y - q - 59 = -0*y. Let m be (y/15)/((-12)/30). What is the remainder when 68 + -1 + (7 - m) is divided by 17?
14
Suppose 0*l + 2*l = 46. Suppose 0*t + t - 35 = 5*c, 119 = 3*t - c. Suppose 8 - t = -4*h. What is the remainder when l is divided by h?
7
Let c = 432 + -188. Calculate the remainder when c is divided by 35.
34
Let p(b) = -11 - 10*b + 20 - 2*b**2 + 0 - 2*b. What is the remainder when 21 is divided by p(-6)?
3
Suppose 114 = 3*a - 5*g, 62*a + 5*g = 66*a - 157. Calculate the remainder when 297 is divided by a.
39
Let y(i) = -i**3 + 5*i**2 + 7*i - 9. Let b be (6/(-4))/((-7)/28). Let q be y(b). Calculate the remainder when 48 is divided by (3 + -13)/(q/3).
8
Suppose 0 = -2*m - p + 34, 5*p + 16 = 4*m - 38. Let k(q) = -q**3 - 11*q**2 - 8*q - 9. Calculate the remainder when k(-11) is divided by m.
15
Suppose 0 = -605*k + 599*k + 348. What is the remainder when 125 is divided by k?
9
Let j(f) = -5*f**2 + 52*f - 7. What is the remainder when 74 is divided by j(10)?
9
Let f = -232 - -253. Let r(w) = -w**3 - 21*w**2 - 41*w - 27. Calculate the remainder when r(-19) is divided by f.
9
Let k be 4/(-6)*(-150)/20. Suppose 0 = -5*x - 20, -6 = c + k*x - 2. Suppose -c = w - 5*w. Calculate the remainder when w is divided by 4.
0
Let p(n) = 23